the remainder when 638398 is divided by 18.
10
What is the remainder when 315250 is divided by 104966?
352
What is the remainder when 2830958 is divided by 2576?
2510
What is the remainder when 5715204 is divided by 70?
54
What is the remainder when 137731 is divided by 19672?
27
Calculate the remainder when 444780 is divided by 10590.
0
What is the remainder when 2336175 is divided by 53?
41
Calculate the remainder when 2509993 is divided by 627489.
37
What is the remainder when 1530513 is divided by 664?
657
What is the remainder when 406959409 is divided by 1819?
1815
Calculate the remainder when 478782 is divided by 39891.
90
What is the remainder when 4328 is divided by 1429?
41
What is the remainder when 4428539 is divided by 152?
19
Calculate the remainder when 14715515 is divided by 133.
129
Calculate the remainder when 12207 is divided by 1667.
538
What is the remainder when 123498 is divided by 9406?
1220
Calculate the remainder when 25386 is divided by 6336.
42
What is the remainder when 2707228 is divided by 148?
12
What is the remainder when 75185 is divided by 1446?
1439
What is the remainder when 69854136 is divided by 34927067?
2
Calculate the remainder when 53151005 is divided by 181.
174
What is the remainder when 861251 is divided by 1311?
1235
What is the remainder when 7094 is divided by 1652?
486
Calculate the remainder when 377795 is divided by 1364.
1331
Calculate the remainder when 5044483 is divided by 280248.
19
What is the remainder when 4431681 is divided by 35?
16
Calculate the remainder when 186720 is divided by 30996.
744
What is the remainder when 2689524 is divided by 2351?
2331
What is the remainder when 5813418 is divided by 116265?
168
What is the remainder when 4920464 is divided by 2717?
2694
Calculate the remainder when 516179520 is divided by 2293.
2290
Calculate the remainder when 30757617 is divided by 353.
21
What is the remainder when 1220588 is divided by 1066?
18
What is the remainder when 9047040 is divided by 1617?
1542
What is the remainder when 6477683 is divided by 1496?
3
What is the remainder when 12930 is divided by 999?
942
What is the remainder when 84667184 is divided by 93?
77
Calculate the remainder when 155967 is divided by 234.
123
Calculate the remainder when 73000320 is divided by 23.
22
What is the remainder when 514106 is divided by 1162?
502
What is the remainder when 45585213 is divided by 724?
1
What is the remainder when 217182125 is divided by 193?
190
Calculate the remainder when 184886 is divided by 46211.
42
Calculate the remainder when 77488045 is divided by 50.
45
Calculate the remainder when 92853 is divided by 259.
131
Calculate the remainder when 731352 is divided by 243774.
30
Calculate the remainder when 1093411 is divided by 60745.
1
Calculate the remainder when 61322806 is divided by 17708.
2
Calculate the remainder when 3209365 is divided by 49.
12
Calculate the remainder when 1322586 is divided by 4070.
3906
Calculate the remainder when 1150432 is divided by 95851.
220
What is the remainder when 1311094 is divided by 5745?
1234
Calculate the remainder when 367899744 is divided by 5650.
5644
Calculate the remainder when 299398 is divided by 97939.
5581
Calculate the remainder when 8687541 is divided by 211891.
10
Calculate the remainder when 112835 is divided by 18717.
533
What is the remainder when 355753 is divided by 302?
299
What is the remainder when 2161711 is divided by 40?
31
What is the remainder when 348383 is divided by 237?
230
What is the remainder when 169810 is divided by 4815?
1285
Calculate the remainder when 189277058 is divided by 398478.
8
Calculate the remainder when 62546094 is divided by 8935155.
9
Calculate the remainder when 116316351 is divided by 231.
228
What is the remainder when 123555 is divided by 41175?
30
Calculate the remainder when 28600 is divided by 6989.
644
What is the remainder when 196955 is divided by 331?
10
What is the remainder when 10536986 is divided by 5268476?
34
Calculate the remainder when 24230 is divided by 448.
38
Calculate the remainder when 35965268 is divided by 199.
197
Calculate the remainder when 803606 is divided by 401799.
8
What is the remainder when 495203 is divided by 1868?
183
What is the remainder when 99444 is divided by 8267?
240
Calculate the remainder when 1925799 is divided by 17998.
13
What is the remainder when 14064042 is divided by 7032017?
8
Calculate the remainder when 24288812 is divided by 8096249.
65
Calculate the remainder when 202579 is divided by 78.
13
Calculate the remainder when 13387392 is divided by 4462458.
18
Calculate the remainder when 224139937 is divided by 157.
143
Calculate the remainder when 21595811 is divided by 7198595.
26
What is the remainder when 1072896 is divided by 218?
118
What is the remainder when 18328 is divided by 7491?
3346
What is the remainder when 839211674 is divided by 243?
239
What is the remainder when 8750069 is divided by 1522?
91
Calculate the remainder when 4922542 is divided by 1648.
1614
What is the remainder when 124025 is divided by 499?
273
Calculate the remainder when 25972 is divided by 12538.
896
Calculate the remainder when 374192 is divided by 10676.
532
Calculate the remainder when 32883 is divided by 2089.
1548
Calculate the remainder when 66506 is divided by 1273.
310
What is the remainder when 6491 is divided by 2132?
95
Calculate the remainder when 20164 is divided by 112.
4
What is the remainder when 7021382 is divided by 793?
160
What is the remainder when 191638 is divided by 94688?
2262
Calculate the remainder when 15323854 is divided by 109.
89
Calculate the remainder when 1575180 is divided by 58281.
1593
What is the remainder when 394137 is divided by 8884?
3241
Calculate the remainder when 126905522 is divided by 7.
2
Calculate the remainder when 80439 is divided by 2389.
1602
Calculate the remainder when 1567215 is divided by 1473.
1416
Calculate the remainder when 10271 is divided by 1021.
61
What is the remainder when 13065162 is divided by 54?
24
What is the remainder when 780 is divided by 415?
365
Calculate the remainder when 3781585 is divided by 77.
38
Calculate the remainder when 114154583 is divided by 5282.
5281
Calculate the remainder when 1303095 is divided by 863.
828
Calculate the remainder when 16953718 is divided by 96.
22
Calculate the remainder when 12246436 is divided by 50.
36
Calculate the remainder when 3188002 is divided by 781.
741
Calculate the remainder when 1525229 is divided by 2521.
24
What is the remainder when 1182776 is divided by 214?
212
Calculate the remainder when 188020 is divided by 331.
12
What is the remainder when 265816 is divided by 2264?
928
What is the remainder when 2610802 is divided by 21?
19
Calculate the remainder when 40596 is divided by 34962.
5634
Calculate the remainder when 1766915 is divided by 883324.
267
What is the remainder when 28596483 is divided by 141?
132
What is the remainder when 64994 is divided by 12747?
1259
What is the remainder when 13784769 is divided by 1378476?
9
Calculate the remainder when 122494895 is divided by 9.
8
Calculate the remainder when 6170302 is divided by 1810.
12
What is the remainder when 210109 is divided by 2443?
11
What is the remainder when 15428865 is divided by 3085756?
85
What is the remainder when 44954 is divided by 4295?
2004
What is the remainder when 4274251 is divided by 378?
205
Calculate the remainder when 980036 is divided by 489552.
932
Calculate the remainder when 3698690 is divided by 102.
68
What is the remainder when 2445000 is divided by 69855?
75
What is the remainder when 5492546 is divided by 2409?
26
What is the remainder when 39349845 is divided by 9837461?
1
What is the remainder when 1784314 is divided by 8?
2
What is the remainder when 130905 is divided by 42344?
3873
What is the remainder when 202834 is divided by 10646?
560
What is the remainder when 651536840 is divided by 121?
119
What is the remainder when 1294349 is divided by 147?
14
What is the remainder when 2746997 is divided by 45783?
17
Calculate the remainder when 85359 is divided by 349.
203
What is the remainder when 6818296 is divided by 2272763?
7
What is the remainder when 22277322 is divided by 7425767?
21
Calculate the